{"id":642,"date":"2021-04-14T11:45:47","date_gmt":"2021-04-14T09:45:47","guid":{"rendered":"https:\/\/thuenengesellschaft.h18566.web142.dogado.net\/?page_id=642"},"modified":"2021-09-14T09:28:39","modified_gmt":"2021-09-14T07:28:39","slug":"vita","status":"publish","type":"page","link":"https:\/\/www.thuenen.info\/?page_id=642","title":{"rendered":"Vita"},"content":{"rendered":"\n<p><\/p>\n\n\n\n<div class=\"wp-block-columns is-layout-flex wp-container-core-columns-is-layout-9d6595d7 wp-block-columns-is-layout-flex\">\n<div class=\"wp-block-column is-layout-flow wp-block-column-is-layout-flow\" style=\"flex-basis:100%\">\n<figure class=\"wp-block-table is-style-stripes\"><table><tbody><tr><td><strong>1783<\/strong><\/td><td>24.\/25. Juni Geburt in Canarienhausen (Jeverland)*<\/td><\/tr><tr><td><strong>1802<\/strong><\/td><td>Ausbildung bei Lucas Andreas Staudinger (Flottbeck) und Albrecht Daniel Thaer (Celle), anschlie\u00dfend Studium in G\u00f6ttingen<\/td><\/tr><tr><td><strong>1806<\/strong><\/td><td>Heirat mit der mecklenburgischen Gutsbesitzertochter Helene Sophie Johanna Berlin<br>Pachtung von Rubkow bei Anklam<\/td><\/tr><tr><td><strong>1809<\/strong><\/td><td>Kauf des ca. 465 Hektar gro\u00dfen Gutes Tellow bei Teterow<\/td><\/tr><tr><td><strong>1810<\/strong><\/td><td>Beginn Tellower Buchf\u00fchrung<\/td><\/tr><tr><td><strong>1826<\/strong><\/td><td>Ver\u00f6ffentlichung des Hauptwerkes \u201eDer isolirte Staat in Beziehung auf Landwirthschaft und National-Oekonomie\u201c (Hamburg)<\/td><\/tr><tr><td><strong>1830<\/strong><\/td><td>Verleihung der Ehrendoktorw\u00fcrde der Philosphischen Fakult\u00e4t der Universit\u00e4t Rostock auf Grund wissenschaftlicher Verdienste<\/td><\/tr><tr><td><strong>1836<\/strong><\/td><td>Wahl zum 2. Hauptdirektor des Mecklenburgischen Patriotischen Vereins<\/td><\/tr><tr><td><strong>1842<\/strong><\/td><td>Ver\u00f6ffentlichung der zweiten, vermehrten und verbesserten Auflage des \u201eIsolierten Staates\u201c (Rostock)<\/td><\/tr><tr><td><strong>1848<\/strong><\/td><td>Mandat f\u00fcr die Frankfurter Nationalversammlung<br>Ernennung zum Ehrenb\u00fcrger von Teterow<\/td><\/tr><tr><td><strong>1850<\/strong><\/td><td>Ver\u00f6ffentlichung des zweiten Teils des \u201eIsolierten Staates\u201c: \u201eDer naturgem\u00e4\u00dfe Arbeitslohn und dessen Verh\u00e4ltnis zum Zinsfu\u00df und zur Landrente\u201c (Rostock)<br>Tod am 22. September in Tellow, Beisetzung in Belitz<\/td><\/tr><\/tbody><\/table><\/figure>\n<\/div>\n<\/div>\n\n\n\n<div class=\"wp-block-columns alignwide is-layout-flex wp-container-core-columns-is-layout-9d6595d7 wp-block-columns-is-layout-flex\">\n<div class=\"wp-block-column is-layout-flow wp-block-column-is-layout-flow\" style=\"flex-basis:100%\">\n<p>* Zum genauen Geburtsdatum existieren zwei unterschiedliche Hinweise. W\u00e4hrend \u201eim Kirchenbuch von Waddewarden der 25. Juni verzeichnet ist\u201c, wird in den Briefen der Familie Th\u00fcnen der Geburtstag mit dem 24.&nbsp;Juni angegeben und auch an diesem Tag gefeiert. Vgl.&nbsp;Buchsteiner\/Viereck, Chronik, 2004, S.&nbsp;13.<\/p>\n<\/div>\n<\/div>\n","protected":false},"excerpt":{"rendered":"<p>1783 24.\/25. Juni Geburt in Canarienhausen (Jeverland)* 1802 Ausbildung bei Lucas Andreas Staudinger (Flottbeck) und Albrecht Daniel Thaer (Celle), anschlie\u00dfend Studium in G\u00f6ttingen 1806 Heirat mit der mecklenburgischen Gutsbesitzertochter Helene Sophie Johanna BerlinPachtung von Rubkow bei Anklam 1809 Kauf des<\/p>\n","protected":false},"author":1,"featured_media":0,"parent":564,"menu_order":1,"comment_status":"closed","ping_status":"closed","template":"","meta":{"footnotes":""},"class_list":["post-642","page","type-page","status-publish","hentry"],"_links":{"self":[{"href":"https:\/\/www.thuenen.info\/index.php?rest_route=\/wp\/v2\/pages\/642","targetHints":{"allow":["GET"]}}],"collection":[{"href":"https:\/\/www.thuenen.info\/index.php?rest_route=\/wp\/v2\/pages"}],"about":[{"href":"https:\/\/www.thuenen.info\/index.php?rest_route=\/wp\/v2\/types\/page"}],"author":[{"embeddable":true,"href":"https:\/\/www.thuenen.info\/index.php?rest_route=\/wp\/v2\/users\/1"}],"replies":[{"embeddable":true,"href":"https:\/\/www.thuenen.info\/index.php?rest_route=%2Fwp%2Fv2%2Fcomments&post=642"}],"version-history":[{"count":5,"href":"https:\/\/www.thuenen.info\/index.php?rest_route=\/wp\/v2\/pages\/642\/revisions"}],"predecessor-version":[{"id":1498,"href":"https:\/\/www.thuenen.info\/index.php?rest_route=\/wp\/v2\/pages\/642\/revisions\/1498"}],"up":[{"embeddable":true,"href":"https:\/\/www.thuenen.info\/index.php?rest_route=\/wp\/v2\/pages\/564"}],"wp:attachment":[{"href":"https:\/\/www.thuenen.info\/index.php?rest_route=%2Fwp%2Fv2%2Fmedia&parent=642"}],"curies":[{"name":"wp","href":"https:\/\/api.w.org\/{rel}","templated":true}]}}