{"id":635,"date":"2021-04-14T11:38:06","date_gmt":"2021-04-14T09:38:06","guid":{"rendered":"https:\/\/thuenengesellschaft.h18566.web142.dogado.net\/?page_id=635"},"modified":"2022-11-15T09:37:04","modified_gmt":"2022-11-15T08:37:04","slug":"vortraege","status":"publish","type":"page","link":"https:\/\/www.thuenen.info\/?page_id=635","title":{"rendered":"Vortr\u00e4ge"},"content":{"rendered":"\n<h4 class=\"wp-block-heading\"><strong>Referat der Mitgliederversammlung 2022<\/strong><\/h4>\n\n\n\n<p>Am 24. September referierte Dr. Elke Baranek, wissenschaftliche Mitarbeiterin im Th\u00fcnen-Institut f\u00fcr Betriebswirtschaft Braunschweig \u00fcber Aufgaben und Ziele des Projektes Reallabor &#8222;Mustergut Tellow&#8220;.<\/p>\n\n\n\n<p><a href=\"https:\/\/www.thuenen.info\/wp-content\/uploads\/2022\/11\/Baranek-mv-2022.pdf\" data-type=\"URL\" data-id=\"https:\/\/www.thuenen.info\/wp-content\/uploads\/2022\/11\/Baranek-mv-2022.pdf\"><strong>Reallabor Mustergut Tellow<\/strong><\/a> (PDF-Datei)<\/p>\n\n\n\n<p>Im Anschluss informierte Andre Paarmann, Betriebsleiter des Mustergutes Tellow, \u00fcber erste konzeptionelle Ideen f\u00fcr die Schaffung einer belastbaren betriebswirtschaftlichen Struktur vor Ort. <\/p>\n\n\n\n<h2 class=\"has-medium-font-size wp-block-heading\" id=\"referat-der-mitgliederversammlung-2021\"><strong>Referat der Mitgliederversammlung 2021<\/strong><\/h2>\n\n\n\n<p>Was gibt es Neues auf dem Th\u00fcnengut?<\/p>\n\n\n\n<p>Andre Paarmann, Betriebsleiter des Mustergutes Tellow, stellt das im Fr\u00fchjahr 2021 gestartete Projekt der Gut Dummerstorf GmbH in Kooperation mit dem Th\u00fcnen-Institut vor.<\/p>\n\n\n\n<p><a href=\"https:\/\/www.thuenen.info\/wp-content\/uploads\/2021\/11\/mustergut2021.pdf\"><strong>Herzlich willkommen im Mustergut Tellow<\/strong><\/a> (PDF-Datei)<\/p>\n\n\n\n<h4 class=\"wp-block-heading\" id=\"referate-der-mitgliederversammlung-2020\"><strong>Referate der Mitgliederversammlung 2020<\/strong><\/h4>\n\n\n\n<p><strong>Der Klimawandel und die Auswirkungen auf die Land- und Forstwirtschaft<\/strong><\/p>\n\n\n\n<p><a href=\"https:\/\/www.thuenen.info\/wp-content\/uploads\/2021\/07\/Heilmann-Vortrag.pdf\"><strong>Referat<\/strong><\/a><strong>&nbsp;(PDF-Datei)<\/strong><\/p>\n\n\n\n<p><strong>Dr. Hubert Heilmann<\/strong>, Landesforschungsanstalt f\u00fcr Landwirtschaft und Fischerei Mecklenburg-Vorpommern, Leiter des Instituts f\u00fcr Pflanzenproduktion und Betriebswirtschaft<\/p>\n\n\n\n<p>Das zweite Referat hielt&nbsp;<strong>J\u00f6rn Luboeinsky<\/strong><\/p>\n\n\n\n<p>Forstwirtschaft bei ver\u00e4nderter Temperatur und Wasserverf\u00fcgbarkeit Landesforst MV, A.\u00f6.R.<br>Betriebsteil Forstplanung \/ Versuchswesen \/ Informationssysteme<br>Das Referat erscheint an dieser Stelle in K\u00fcrze.&nbsp;&nbsp;<\/p>\n\n\n\n<h4 class=\"wp-block-heading\" id=\"mitgliederversammlung-2019\"><strong>Mitgliederversammlung 2019<\/strong><\/h4>\n\n\n\n<p>Die Zukunft des Th\u00fcnen-Museums-Tellow im Landkreis Rostock<br>Stephan Meyer,1. Stellv. des Landrates, Landkreis Rostock, (PDF-Datei)<br><a href=\"https:\/\/www.thuenen.info\/wp-content\/uploads\/2021\/07\/meyer-lro.pdf\" data-type=\"URL\" data-id=\"https:\/\/www.thuenen.info\/wp-content\/uploads\/2021\/07\/meyer-lro.pdf\" target=\"_blank\" rel=\"noreferrer noopener\">Statement<\/a>&nbsp;(PDF-Datei)<strong><br><br><\/strong>Die Redebeitr\u00e4ge von Rolf-Peter Bartz und Prof. Dr. Fritz Tack wurden in den Mitteilungen Nr. 4 &#8211; Dezember 2019 ver\u00f6ffentlicht und allen Mitgliedern zug\u00e4nglich gemacht. Dar\u00fcber hinaus empfehlen wir unsere Publikation &#8222;Das Gut des Johann Heinrich von Th\u00fcnen &#8211; Geschichte seiner Wirkungsst\u00e4tte und Verm\u00e4chtnis f\u00fcr eine nachhaltige Landwirtschaft&#8220;. Der 12. Band der Tellower Th\u00fcnen-Schriften, der auch den Beitrag von Angela Ziegler \u00fcber die Entwicklung des Th\u00fcnen-Museums-Tellow in Tr\u00e4gerschaft der Th\u00fcnengut Tellow gGmbH enth\u00e4lt, ist zum Preis von 12,00 Euro in in der Gesch\u00e4ftsstelle erh\u00e4ltlich.<\/p>\n\n\n\n<h4 class=\"wp-block-heading\" id=\"referate-der-mitgliederversammlung-2018\"><strong>Referate der Mitgliederversammlung 2018<\/strong><\/h4>\n\n\n\n<p>Vorstellungen zur Weiterf\u00fchrung der gemeinsamen europ\u00e4ischen Agrarpolitik nach 2020 (GAP)<br>&nbsp;<a href=\"https:\/\/www.thuenen.info\/wp-content\/uploads\/2021\/07\/scherling2018.pdf\" data-type=\"URL\" data-id=\"https:\/\/www.thuenen.info\/wp-content\/uploads\/2021\/07\/scherling2018.pdf\" target=\"_blank\" rel=\"noreferrer noopener\">Lutz Scherling,Ministerium f\u00fcr Landwirtschaft und Umwelt Mecklenburg-Vorpommern, Referatsleiter Abteilung 3, Landwirtschaft und L\u00e4ndliche R\u00e4ume<\/a>&nbsp;(PDF-Datei)<br><a href=\"https:\/\/www.thuenen.info\/wp-content\/uploads\/2021\/07\/piehl2018.pdf\" data-type=\"URL\" data-id=\"https:\/\/www.thuenen.info\/wp-content\/uploads\/2021\/07\/piehl2018.pdf\" target=\"_blank\" rel=\"noreferrer noopener\">Dr. Martin Piehl, Hauptgesch\u00e4ftsf\u00fchrer des Bauernverbandes Mecklenburg-Vorpommern e.V.&nbsp;<\/a>(PDF-Datei)<br>***<\/p>\n\n\n\n<h4 class=\"wp-block-heading\" id=\"referate-der-mitgliederversammlung-2017\"><strong>Referate der Mitgliederversammlung 2017<\/strong><\/h4>\n\n\n\n<p>Instrumente zur F\u00f6rderung der l\u00e4ndlichen R\u00e4ume in Mecklenburg-Vorpommern<br><a href=\"https:\/\/www.thuenen.info\/wp-content\/uploads\/2021\/07\/BULE.pdf\" data-type=\"URL\" data-id=\"https:\/\/www.thuenen.info\/wp-content\/uploads\/2021\/07\/BULE.pdf\" target=\"_blank\" rel=\"noreferrer noopener\">Bundesprogramm L\u00e4ndliche Entwicklung (BULE)<br>Forum f\u00fcr L\u00e4ndliche Entwicklung und Demografie Mecklenburg-Vorpommern<br>Volker Bruns, Gesch\u00e4ftsf\u00fchrer der Landgesellschaft Mecklenburg-Vorpommern<\/a>&nbsp;(PDF-Datei)<br>&nbsp;<a href=\"https:\/\/www.thuenen.info\/wp-content\/uploads\/2021\/07\/Domroese_23-09-17.pdf\" data-type=\"URL\" data-id=\"https:\/\/www.thuenen.info\/wp-content\/uploads\/2021\/07\/Domroese_23-09-17.pdf\" target=\"_blank\" rel=\"noreferrer noopener\">Erfahrungen aus dem BULE-Modellvorhaben Land(auf)schwung Vorpommern-R\u00fcgen<br><\/a><a rel=\"noreferrer noopener\" href=\"https:\/\/www.thuenen.info\/fileadmin\/Dateien\/Domroese_23-09-17.pdf\" target=\"_blank\"><\/a><a rel=\"noreferrer noopener\" href=\"https:\/\/thuenengesellschaft.h18566.web142.dogado.net\/wp-content\/uploads\/2021\/07\/Domroese_23-09-17.pdf\" data-type=\"URL\" data-id=\"https:\/\/thuenengesellschaft.h18566.web142.dogado.net\/wp-content\/uploads\/2021\/07\/Domroese_23-09-17.pdf\" target=\"_blank\">Anne Domroese, Regionale Entwicklungsagentur Land(auf)schwung Vorpommern-R\u00fcgen<\/a>&nbsp;(PDF-Datei)<br>***<\/p>\n\n\n\n<h4 class=\"wp-block-heading\" id=\"referat-der-mitgliederversammlung-2016\"><strong>Referat der Mitgliederversammlung 2016<\/strong><\/h4>\n\n\n\n<p><a href=\"https:\/\/www.thuenen.info\/wp-content\/uploads\/2021\/07\/vortrag_roemer_mv2016.pdf\" data-type=\"URL\" data-id=\"https:\/\/www.thuenen.info\/wp-content\/uploads\/2021\/07\/vortrag_roemer_mv2016.pdf\" target=\"_blank\" rel=\"noreferrer noopener\">Die Entwicklung der Tierhaltung in Mecklenburg-Vorpommern &#8211; Dr. Anke R\u00f6mer, Institut f\u00fcr Tierproduktion der Landesforschungsanstalt f\u00fcr Landwirtschaft und Fischerei Mecklenburg-Vorpommern<\/a>&nbsp;(PDF-Datei)<br>***<\/p>\n\n\n\n<h4 class=\"wp-block-heading\" id=\"25-jahre-thunengesellschaft-tellow-e-v\"><strong>25 Jahre Th\u00fcnengesellschaft Tellow e.V.&nbsp;<\/strong><\/h4>\n\n\n\n<p>Festveranstaltung 25 Jahre Th\u00fcnengesellschaft Tellow e.V. und Jahresmitgliederversammlung 2015:<br>R E F E R A T E<br><a href=\"https:\/\/www.thuenen.info\/wp-content\/uploads\/2021\/07\/chronik_2015_01.pdf\" data-type=\"URL\" data-id=\"https:\/\/www.thuenen.info\/wp-content\/uploads\/2021\/07\/chronik_2015_01.pdf\" target=\"_blank\" rel=\"noreferrer noopener\">1. Zur Chronik der Th\u00fcnengesellschaft Tellow e.V. &#8211; Angela Ziegler, Direktorin des Th\u00fcnen-Museums-Tellow<\/a>&nbsp;(PDF-Datei)<br><a rel=\"noreferrer noopener\" href=\"https:\/\/www.thuenen.info\/wp-content\/uploads\/2021\/07\/nellinger_2015.pdf\" data-type=\"URL\" data-id=\"https:\/\/www.thuenen.info\/wp-content\/uploads\/2021\/07\/nellinger_2015.pdf\" target=\"_blank\">2. Th\u00fcnens Manuskripte zum Isolierten Staat &#8211; Herausforderungen und Chancen einer kommentierten Edition &#8211; Dr. Ludwig Nellinger, Mitglied des Ausschusses f\u00fcr die Geschichte der Wirtschaftswissenschaften der Gesellschaft f\u00fcr Wirtschafts- und Socialwissenschaften (Verein f\u00fcr Socialpolitik) und Mitglied der Th\u00fcnengesellschaft Tellow e.V.&gt;<\/a>&nbsp;(PDF-Datei)<\/p>\n\n\n\n<h4 class=\"wp-block-heading\" id=\"referate-der-mitgliederversammlung-2014\"><strong>Referate der Mitgliederversammlung 2014<\/strong><\/h4>\n\n\n\n<p>Umsetzung der Wasserrahmenrichtlinie (WRRL) in Mecklenburg-Vorpommern&#8220;.<br>1. Ute Hennings, Ministerium f\u00fcr Landwirtschaft, Umwelt und Verbraucherschutz, Abteilungsleiterin, Abt. 4 Wasser und Boden<br><a href=\"https:\/\/www.thuenen.info\/wp-content\/uploads\/2021\/07\/Hennings_WRRL.pdf\" data-type=\"URL\" data-id=\"https:\/\/www.thuenen.info\/wp-content\/uploads\/2021\/07\/Hennings_WRRL.pdf\" target=\"_blank\" rel=\"noreferrer noopener\">Referat Ute Hennings<\/a>&nbsp;(PDF-Datei)<br>2. Detlef Kurreck, Vizepr\u00e4sident des Bauernverbandes Mecklenburg-Vorpommern<br><a href=\"https:\/\/www.thuenen.info\/wp-content\/uploads\/2021\/07\/WRRL-200914.pdf\" data-type=\"URL\" data-id=\"https:\/\/www.thuenen.info\/wp-content\/uploads\/2021\/07\/WRRL-200914.pdf\" target=\"_blank\" rel=\"noreferrer noopener\">Referat Detlef Kurreck<\/a>&nbsp;(PDF-Datei)&nbsp;<\/p>\n\n\n\n<h4 class=\"wp-block-heading\" id=\"referate-der-mitgliederversammlung-2013\"><strong>Referate der Mitgliederversammlung 2013<\/strong><\/h4>\n\n\n\n<p>EU-F\u00f6rderperiode 2014 \u2013 2020 (GAP) und deren Auswirkungen<br>Dr. Wolfgang Wienkemeier, Ministerium f\u00fcr Landwirtschaft, Umwelt und Verbraucherschutz Mecklenburg-Vorpommern: Was ist von der neuen gemeinsamen Agrarpolitik (GAP) f\u00fcr MV zu erwarten? <br><a href=\"https:\/\/www.thuenen.info\/wp-content\/uploads\/2021\/07\/wienkemeier.pdf\" data-type=\"URL\" data-id=\"https:\/\/www.thuenen.info\/wp-content\/uploads\/2021\/07\/wienkemeier.pdf\" target=\"_blank\" rel=\"noreferrer noopener\">Referat Dr. Wienkemeier<\/a>&nbsp;(PDF &#8211; Datei)<br>Dr. Hubert Heilmann, Landesforschungsanstalt f\u00fcr Landwirtschaft und Fischerei Mecklenburg-Vorpommern: Welche m\u00f6glichen betrieblichen Auswirkungen hat die GAP in MV?<br><a href=\"https:\/\/www.thuenen.info\/wp-content\/uploads\/2021\/07\/heilmann.pdf\" data-type=\"URL\" data-id=\"https:\/\/www.thuenen.info\/wp-content\/uploads\/2021\/07\/heilmann.pdf\" target=\"_blank\" rel=\"noreferrer noopener\">Referat Dr. Heilmann<\/a>&nbsp;(PDF &#8211; Datei)<\/p>\n\n\n\n<h2 class=\"wp-block-heading\"><\/h2>\n","protected":false},"excerpt":{"rendered":"<p>Referat der Mitgliederversammlung 2022 Am 24. September referierte Dr. Elke Baranek, wissenschaftliche Mitarbeiterin im Th\u00fcnen-Institut f\u00fcr Betriebswirtschaft Braunschweig \u00fcber Aufgaben und Ziele des Projektes Reallabor &#8222;Mustergut Tellow&#8220;. Reallabor Mustergut Tellow (PDF-Datei) Im Anschluss informierte Andre Paarmann, Betriebsleiter des Mustergutes Tellow,<\/p>\n","protected":false},"author":1,"featured_media":0,"parent":19,"menu_order":5,"comment_status":"closed","ping_status":"closed","template":"","meta":{"footnotes":""},"class_list":["post-635","page","type-page","status-publish","hentry"],"_links":{"self":[{"href":"https:\/\/www.thuenen.info\/index.php?rest_route=\/wp\/v2\/pages\/635","targetHints":{"allow":["GET"]}}],"collection":[{"href":"https:\/\/www.thuenen.info\/index.php?rest_route=\/wp\/v2\/pages"}],"about":[{"href":"https:\/\/www.thuenen.info\/index.php?rest_route=\/wp\/v2\/types\/page"}],"author":[{"embeddable":true,"href":"https:\/\/www.thuenen.info\/index.php?rest_route=\/wp\/v2\/users\/1"}],"replies":[{"embeddable":true,"href":"https:\/\/www.thuenen.info\/index.php?rest_route=%2Fwp%2Fv2%2Fcomments&post=635"}],"version-history":[{"count":15,"href":"https:\/\/www.thuenen.info\/index.php?rest_route=\/wp\/v2\/pages\/635\/revisions"}],"predecessor-version":[{"id":2179,"href":"https:\/\/www.thuenen.info\/index.php?rest_route=\/wp\/v2\/pages\/635\/revisions\/2179"}],"up":[{"embeddable":true,"href":"https:\/\/www.thuenen.info\/index.php?rest_route=\/wp\/v2\/pages\/19"}],"wp:attachment":[{"href":"https:\/\/www.thuenen.info\/index.php?rest_route=%2Fwp%2Fv2%2Fmedia&parent=635"}],"curies":[{"name":"wp","href":"https:\/\/api.w.org\/{rel}","templated":true}]}}