{"id":2258,"date":"2023-12-05T09:11:45","date_gmt":"2023-12-05T08:11:45","guid":{"rendered":"https:\/\/www.thuenen.info\/?page_id=2258"},"modified":"2025-12-17T14:11:15","modified_gmt":"2025-12-17T13:11:15","slug":"mitteilungen","status":"publish","type":"page","link":"https:\/\/www.thuenen.info\/?page_id=2258","title":{"rendered":"Mitteilungen"},"content":{"rendered":"\n<p>Am Jahresende erh\u00e4lt jedes Mitglied der Th\u00fcnengesellschaft Tellow e.V. als &#8222;Weihnachtspost&#8220; ein Mitteilungsheft. Wir danken allen Lesern f\u00fcr das Interesse und w\u00fcnschen ein besinnliches Fest und ein gutes Neues Jahr.<\/p>\n\n\n\n<p>Das aktuelle Mitteilungsheft finden Sie hier:<\/p>\n\n\n\n<p><a href=\"https:\/\/www.thuenen.info\/wp-content\/uploads\/2025\/12\/Mitteilungen10_HP.pdf\"><strong>Mitteilungen Nr. 10 &#8211; Dezember 2025<\/strong><\/a><\/p>\n\n\n\n<p>Mitteilungshefte zur\u00fcckliegender Jahre:<\/p>\n\n\n\n<p class=\"has-text-align-left\"> <a href=\"https:\/\/www.thuenen.info\/wp-content\/uploads\/2024\/12\/Mitteilungen09-HP_05-12-24.pdf\"><strong>Mitteilungen Nr. 09 &#8211; Dezember 2024<\/strong><\/a><\/p>\n\n\n\n<p><a href=\"https:\/\/www.thuenen.info\/wp-content\/uploads\/2023\/12\/Mitteilungen08_HP.pdf\"><strong>Mitteilungen Nr. 08 &#8211; Dezember 2023<\/strong><\/a><\/p>\n\n\n\n<p><a href=\"https:\/\/www.thuenen.info\/wp-content\/uploads\/2024\/12\/Mitteilungen07-Digitalisat.pdf\"><strong>Mitteilungen Nr. 07 &#8211; Dezember 2022<\/strong><\/a><\/p>\n\n\n\n<p><a href=\"https:\/\/www.thuenen.info\/wp-content\/uploads\/2024\/12\/Mitteilungen06_Druck_geringe-Aufl.pdf\"><strong>Mitteilungen Nr. 06 &#8211; Dezember 2021<\/strong><\/a><\/p>\n\n\n\n<p><a href=\"https:\/\/www.thuenen.info\/wp-content\/uploads\/2024\/12\/Mitteilungen05.pdf\"><strong>Mitteilungen Nr. 05 &#8211; Dezember 2020<\/strong><\/a><\/p>\n\n\n\n<p><a href=\"https:\/\/www.thuenen.info\/wp-content\/uploads\/2024\/12\/Mitteilungen04digital.pdf\"><strong>Mitteilungen Nr. 04 &#8211; Dezember 2019<\/strong><\/a><\/p>\n\n\n\n<p><a href=\"https:\/\/www.thuenen.info\/wp-content\/uploads\/2024\/12\/Mitteilungen03_compressed.pdf\"><strong>Mitteilungen Nr. 03 &#8211; Dezember 2018<\/strong><\/a><\/p>\n\n\n\n<p><a href=\"https:\/\/www.thuenen.info\/wp-content\/uploads\/2024\/12\/Mitteilungen02-Druck_compressed.pdf\"><strong>Mitteilungen Nr. 02 &#8211; Dezember 2017<\/strong><\/a><\/p>\n\n\n\n<p><a href=\"https:\/\/www.thuenen.info\/wp-content\/uploads\/2024\/12\/Mitteilungen01_17-10-16.pdf\"><strong>Mitteilungen Nr. 01 &#8211; Dezember 2016<\/strong><\/a><\/p>\n\n\n\n<p><\/p>\n","protected":false},"excerpt":{"rendered":"<p>Am Jahresende erh\u00e4lt jedes Mitglied der Th\u00fcnengesellschaft Tellow e.V. als &#8222;Weihnachtspost&#8220; ein Mitteilungsheft. Wir danken allen Lesern f\u00fcr das Interesse und w\u00fcnschen ein besinnliches Fest und ein gutes Neues Jahr. Das aktuelle Mitteilungsheft finden Sie hier: Mitteilungen Nr. 10 &#8211;<\/p>\n","protected":false},"author":2,"featured_media":0,"parent":19,"menu_order":0,"comment_status":"closed","ping_status":"closed","template":"","meta":{"footnotes":""},"class_list":["post-2258","page","type-page","status-publish","hentry"],"_links":{"self":[{"href":"https:\/\/www.thuenen.info\/index.php?rest_route=\/wp\/v2\/pages\/2258","targetHints":{"allow":["GET"]}}],"collection":[{"href":"https:\/\/www.thuenen.info\/index.php?rest_route=\/wp\/v2\/pages"}],"about":[{"href":"https:\/\/www.thuenen.info\/index.php?rest_route=\/wp\/v2\/types\/page"}],"author":[{"embeddable":true,"href":"https:\/\/www.thuenen.info\/index.php?rest_route=\/wp\/v2\/users\/2"}],"replies":[{"embeddable":true,"href":"https:\/\/www.thuenen.info\/index.php?rest_route=%2Fwp%2Fv2%2Fcomments&post=2258"}],"version-history":[{"count":25,"href":"https:\/\/www.thuenen.info\/index.php?rest_route=\/wp\/v2\/pages\/2258\/revisions"}],"predecessor-version":[{"id":2485,"href":"https:\/\/www.thuenen.info\/index.php?rest_route=\/wp\/v2\/pages\/2258\/revisions\/2485"}],"up":[{"embeddable":true,"href":"https:\/\/www.thuenen.info\/index.php?rest_route=\/wp\/v2\/pages\/19"}],"wp:attachment":[{"href":"https:\/\/www.thuenen.info\/index.php?rest_route=%2Fwp%2Fv2%2Fmedia&parent=2258"}],"curies":[{"name":"wp","href":"https:\/\/api.w.org\/{rel}","templated":true}]}}